{"id":22,"date":"2019-09-02T07:23:47","date_gmt":"2019-09-02T10:23:47","guid":{"rendered":"https:\/\/lopescancado.adv.br\/?p=22"},"modified":"2023-08-07T08:26:40","modified_gmt":"2023-08-07T11:26:40","slug":"atuacao","status":"publish","type":"page","link":"https:\/\/lopescancado.adv.br\/?page_id=22","title":{"rendered":"Atua\u00e7\u00e3o"},"content":{"rendered":"<h1>Atua\u00e7\u00e3o<\/h1>\n<div>\n<p><span>Nosso escrit\u00f3rio de advocacia atua em diversas \u00e1reas do direito, incluindo direito trabalhista, direito civil, direito penal, direito tribut\u00e1rio, direito empresarial e outras \u00e1reas correlatas, oferecendo servi\u00e7os jur\u00eddicos de qualidade e buscando sempre a melhor solu\u00e7\u00e3o para nossos clientes.<\/span><\/p>\n<\/div>\n<ul>\n<li>\n<h3>Advocacia nos Tribunais Superiores e Tribunais Regionais<\/h3>\n<div>\n<ul>\n<li><span>Estudo e an\u00e1lise de processos que tramitam nos Tribunais Superiores e Tribunais Regionais<\/span><\/li>\n<li><span>Ingresso e representa\u00e7\u00e3o em a\u00e7\u00f5es judiciais e recursos<\/span><\/li>\n<li><span>Atua\u00e7\u00e3o como correspondente junto aos Tribunais, realizando audi\u00eancias nos Gabinetes, Sustenta\u00e7\u00e3o Oral, elabora\u00e7\u00e3o e distribui\u00e7\u00e3o de memoriais, acompanhamento de processos e sess\u00f5es de julgamento<\/span><\/li>\n<\/ul>\n<\/div>\n<\/li>\n<li>\n<h3>Advocacia no Tribunal de Contas da Uni\u00e3o<\/h3>\n<div>\n<ul>\n<li><span>Estudo e an\u00e1lise de processos que tramitam no TCU<\/span><\/li>\n<li><span>Ingresso e representa\u00e7\u00e3o em a\u00e7\u00f5es no Tribunal<\/span><\/li>\n<li><span>Atua\u00e7\u00e3o como correspondente junto ao Tribunal, realizando audi\u00eancias nos Gabinetes, Sustenta\u00e7\u00e3o Oral, elabora\u00e7\u00e3o e distribui\u00e7\u00e3o de memoriais, acompanhamento de processos e sess\u00f5es de julgamento<\/span><\/li>\n<\/ul>\n<\/div>\n<\/li>\n<li>\n<h3>Direito Eleitoral<\/h3>\n<div>\n<p><span>Atuamos na \u00e1rea de Direito Eleitoral, elaborando pareceres e assessorando pessoalmente pr\u00e9-candidatos e partidos pol\u00edticos.<\/span><br \/><span>Na \u00e1rea contenciosa atuamos nas seguintes demandas:<\/span><\/p>\n<ul>\n<li><span>Representa\u00e7\u00f5es;<\/span><\/li>\n<li><span>Procedimentos da Lei de Inelegibilidades;<\/span><\/li>\n<li><span>Impugna\u00e7\u00e3o de Registro de Candidatura;<\/span><\/li>\n<li><span>A\u00e7\u00e3o de Investiga\u00e7\u00e3o Judicial Eleitoral;<\/span><\/li>\n<li><span>A\u00e7\u00e3o de Impugna\u00e7\u00e3o de Mandato Eletivo;<\/span><\/li>\n<li><span>Recurso Contra a Expedi\u00e7\u00e3o de Diploma;<\/span><\/li>\n<li><span>Medidas Cautelares;<\/span><\/li>\n<li><span>Mandado de Seguran\u00e7a;<\/span><\/li>\n<li><span>Habeas Corpus, Habeas Data e Mandado de Injun\u00e7\u00e3o;<\/span><\/li>\n<li><span>Crimes Eleitorais;<\/span><\/li>\n<li><span>Recursos Eleitorais;<\/span><\/li>\n<li><span>A\u00e7\u00e3o Rescis\u00f3ria Eleitoral.<\/span><\/li>\n<\/ul>\n<\/div>\n<\/li>\n<li>\n<h3>Direito Administrativo<\/h3>\n<div>\n<p><span>O objetivo \u00e9 atender as empresas que fornecem bens e servi\u00e7os \u00e0 Administra\u00e7\u00e3o P\u00fablica, seja no \u00e2mbito Federal, Estadual ou Municipal, ou seja:<\/span><\/p>\n<ul>\n<li><span>Assessoria nos Processos Licitat\u00f3rios e procedimentos administrativos em geral;<\/span><\/li>\n<li><span>Atua\u00e7\u00e3o no contencioso administrativo por meio de consultas, impugna\u00e7\u00f5es e recursos, visando \u00e0 prote\u00e7\u00e3o dos interesses das empresas;<\/span><\/li>\n<li><span>Elabora\u00e7\u00f5es de pareceres, estudos e defini\u00e7\u00e3o de estrat\u00e9gias de conduta para empresas perante a Administra\u00e7\u00e3o P\u00fablica;<\/span><\/li>\n<li><span>Atua\u00e7\u00e3o no Tribunal de Contas da Uni\u00e3o.<\/span><\/li>\n<\/ul>\n<\/div>\n<\/li>\n<li>\n<h3>Direito Empresarial<\/h3>\n<div>\n<p><span>Na \u00e1rea de Direito Empresarial nosso escrit\u00f3rio desenvolve os trabalhos com foco na legisla\u00e7\u00e3o espec\u00edfica a que cada empresa est\u00e1 sujeita por for\u00e7a de suas atividades, de modo a garantir efic\u00e1cia \u00e0 consultoria jur\u00eddica oferecida.<\/span><\/p>\n<ul>\n<li><span>An\u00e1lise e orienta\u00e7\u00e3o nas diversas transa\u00e7\u00f5es da atividade empresarial;<\/span><\/li>\n<li><span>Elabora\u00e7\u00e3o e an\u00e1lise de contratos destinados a constitui\u00e7\u00e3o e modifica\u00e7\u00e3o de sociedade, a regular a distribui\u00e7\u00e3o de produtos, a representa\u00e7\u00f5es comerciais e a presta\u00e7\u00e3o de servi\u00e7os;<\/span><\/li>\n<li><span>Assessoria e an\u00e1lise de quest\u00f5es relativas ao Direito do Consumidor e uso de marca;<\/span><\/li>\n<li><span>Acompanhamento de processos na \u00e1rea empresarial.<\/span><\/li>\n<\/ul>\n<\/div>\n<\/li>\n<li>\n<h3>Consultoria e Assessoria Jur\u00eddica em Franchising<\/h3>\n<div>\n<ul>\n<li><span>O escrit\u00f3rio oferece solu\u00e7\u00f5es para quest\u00f5es jur\u00eddicas\/comerciais pertinentes ao Sistema de Franquias, fornecendo uma assessoria completa, cont\u00ednua e consistente \u00e0s partes, prestando um servi\u00e7o direcionado e delineado<\/span><\/li>\n<li><span>Elabora\u00e7\u00e3o\/ Revis\u00e3o\/ atualiza\u00e7\u00e3o de documentos relativos ao Sistema de Franquias: Circular de Oferta de Franquia (COF), Pr\u00e9-Contrato e Contrato de Franquia de acordo com o padr\u00e3o estabelecido na Lei 8.955\/94, objetivando assegurar os interesses do Franqueador e Franqueados<\/span><\/li>\n<li><span>Acompanhamento de processos de renova\u00e7\u00e3o de Contratos de Franquia<\/span><\/li>\n<li><span>Assessoria nos processos de revenda, transfer\u00eancias de unidades e convers\u00f5es de bandeira. Elabora\u00e7\u00e3o de Contratos de Trespasse<\/span><\/li>\n<li><span>Recupera\u00e7\u00e3o de cr\u00e9ditos inerentes ao Sistema de Franquias (royalties, taxas de franquia, administrativas e de marketing) realizando negocia\u00e7\u00f5es e instrumentalizando acordos<\/span><\/li>\n<li><span>Elabora\u00e7\u00e3o de notifica\u00e7\u00f5es\/interpela\u00e7\u00f5es extrajudiciais, pontuando as irregularidades contratuais praticadas pelo Franqueado\/Franqueador, estabelecendo prazos para a efetiva corre\u00e7\u00e3o da conduta em quest\u00e3o<\/span><\/li>\n<li><span>Condu\u00e7\u00e3o de processos de descredenciamento de Unidades Franqueadas com elabora\u00e7\u00e3o de documentos h\u00e1beis, visando \u00e0 preserva\u00e7\u00e3o dos direitos das partes<\/span><\/li>\n<li><span>Solu\u00e7\u00e3o de conflitos estabelecidos entre Franqueador e Franqueados por meio de procedimentos de negocia\u00e7\u00e3o e media\u00e7\u00e3o<\/span><\/li>\n<li><span>Assessoria na constitui\u00e7\u00e3o, implanta\u00e7\u00e3o e gest\u00e3o de Conselho de Franqueados, Associa\u00e7\u00f5es, Comiss\u00f5es e Comit\u00eas de \u00e1reas de atua\u00e7\u00e3o<\/span><\/li>\n<li><span>Assessoria na constitui\u00e7\u00e3o, implanta\u00e7\u00e3o e gest\u00e3o de fundo de Propaganda Nacional e Regional<\/span><\/li>\n<li><span>Orienta\u00e7\u00e3o e assist\u00eancia jur\u00eddico-operacional para solu\u00e7\u00e3o de problemas localizados da Rede Franqueada<\/span><\/li>\n<\/ul>\n<\/div>\n<\/li>\n<li>\n<h3>Direito do Trabalho \/ Previdenci\u00e1rio<\/h3>\n<div>\n<p><span>Na \u00e1rea TRABALHISTA \/ PREVIDENCI\u00c1RIO, nosso escrit\u00f3rio est\u00e1 preparado para encontrar solu\u00e7\u00f5es legais que d\u00eaem maior flexibilidade \u00e0s rela\u00e7\u00f5es trabalhistas e previdenci\u00e1rias, pe\u00e7as chaves na luta pela competitividade do mercado atua. Assessoramos nosso clientes na:<\/span><\/p>\n<ul>\n<li><span>Elabora\u00e7\u00e3o de auditorias trabalhistas;<\/span><\/li>\n<li><span>Avalia\u00e7\u00e3o dos procedimentos para elimina\u00e7\u00e3o ou redu\u00e7\u00e3o de eventuais conting\u00eancias, apontando as adequa\u00e7\u00f5es necess\u00e1rias para o cumprimento de obriga\u00e7\u00f5es legais tanto em quest\u00f5es previdenci\u00e1rias como trabalhistas;<\/span><\/li>\n<li><span>No plano contencioso, atuamos tanto no \u00e2mbito administrativo como no \u00e2mbito judicial;<\/span><\/li>\n<li><span>Ingressamos com a\u00e7\u00f5es revisionais de benef\u00edcios, bem como na defesa de atua\u00e7\u00f5es no \u00e2mbito previdenci\u00e1rio.<\/span><\/li>\n<\/ul>\n<\/div>\n<\/li>\n<li>\n<h3>Direito Civil e Processual Civil<\/h3>\n<div>\n<ul>\n<li><span>Direito Contratual: elabora\u00e7\u00e3o de contratos e distratos, an\u00e1lise e revis\u00e3o cr\u00edtica, demandas judiciais por inadimpl\u00eancia contratual e rescis\u00e3o;<\/span><\/li>\n<li><span>Direito da Fam\u00edlia e Sucess\u00f5es: orienta\u00e7\u00e3o na elabora\u00e7\u00e3o de pactos antenupciais, div\u00f3rcio, alimentos, invent\u00e1rios e arrolamentos;<\/span><\/li>\n<li><span>Direito do Consumidor: repara\u00e7\u00e3o de danos por v\u00edcio do produto ou do servi\u00e7o e outras demandas;<\/span><\/li>\n<li><span>Responsabilidade Civil: repara\u00e7\u00e3o de danos &#8211; materiais e morais;<\/span><\/li>\n<li><span>Direito Imobili\u00e1rio: consultoria e a\u00e7\u00f5es judiciais referentes a loca\u00e7\u00f5es, rescis\u00f5es, despejos;<\/span><\/li>\n<li><span>Propriedade Intelectual e Direitos Autorais.<\/span><\/li>\n<\/ul>\n<\/div>\n<\/li>\n<li>\n<h3>Direito Tribut\u00e1rio<\/h3>\n<div>\n<p><span>Os impostos, taxas e contribui\u00e7\u00f5es em vigor em nosso pa\u00eds fazem da carga tribut\u00e1ria brasileira uma das mais altas do mundo, que vem crescendo ao longo dos anos na tentativa de suprir as defici\u00eancias cr\u00f4nicas de financiamento do Estado. O sistema \u00e9 complexo e oneroso, lidar de maneira eficiente com a malha fiscal \u00e9 fator decisivo para garantir a competitividade no ambiente dos neg\u00f3cios. Nosso escrit\u00f3rio atua no campo contencioso, no questionamento administrativo e judicial de tributos cobrados ilegalmente nas esferas municipal, estadual, federal e previdenci\u00e1ria, representando nossos clientes em todas as etapas dos processos.<\/span><\/p>\n<\/div>\n<\/li>\n<li>\n<h3>Direito Penal<\/h3>\n<div>\n<ul>\n<li><span>Acompanhamento processual em f\u00f3runs e Tribunais<\/span><\/li>\n<li><span>Defesas, Recursos, Audi\u00eancias, Sustenta\u00e7\u00e3o Oral<\/span><\/li>\n<\/ul>\n<\/div>\n<\/li>\n<\/ul>\n<p><!--more--><br \/>\n<!-- {\"name\":\"\",\"type\":\"layout\",\"children\":[{\"name\":\"hero\",\"type\":\"section\",\"props\":{\"css\":\".el-section > [class*='uk-background-'] { min-height: 40vh; }\",\"image\":\"wp-content\\\/uploads\\\/yootheme\\\/legal-services-hero.jpg\",\"image_effect\":\"parallax\",\"image_loading\":true,\"image_parallax_bgy\":\"0,120\",\"image_parallax_easing\":\"1\",\"image_position\":\"center-center\",\"image_width\":\"1560\",\"padding_remove_top\":true,\"style\":\"default\",\"title_breakpoint\":\"xl\",\"title_position\":\"top-left\",\"title_rotation\":\"left\",\"vertical_align\":\"middle\",\"width\":\"\"},\"children\":[{\"name\":\"\",\"type\":\"row\",\"children\":[{\"name\":\"\",\"type\":\"column\",\"props\":{\"image_position\":\"center-center\",\"media_overlay_gradient\":\"\",\"position_sticky_breakpoint\":\"m\",\"width_medium\":\"1-1\"}}]}]},{\"name\":\"Services\",\"type\":\"section\",\"props\":{\"animation_delay\":false,\"image_position\":\"center-center\",\"style\":\"default\",\"title_breakpoint\":\"xl\",\"title_position\":\"top-left\",\"title_rotation\":\"left\",\"vertical_align\":\"middle\",\"width\":\"default\"},\"children\":[{\"name\":\"\",\"type\":\"row\",\"props\":{\"margin\":\"default\"},\"children\":[{\"name\":\"\",\"type\":\"column\",\"props\":{\"image_position\":\"center-center\",\"media_overlay_gradient\":\"\",\"position_sticky_breakpoint\":\"m\",\"width_medium\":\"1-1\"},\"children\":[{\"name\":\"\",\"type\":\"headline\",\"props\":{\"content\":\"Atua\\u00e7\\u00e3o\",\"title_decoration\":\"bullet\",\"title_element\":\"h1\",\"title_style\":\"h2\"}},{\"type\":\"text\",\"props\":{\"column_breakpoint\":\"m\",\"content\":\"\n\n<p><span>Nosso escrit\\u00f3rio de advocacia atua em diversas \\u00e1reas do direito, incluindo direito trabalhista, direito civil, direito penal, direito tribut\\u00e1rio, direito empresarial e outras \\u00e1reas correlatas, oferecendo servi\\u00e7os jur\\u00eddicos de qualidade e buscando sempre a melhor solu\\u00e7\\u00e3o para nossos clientes.<\\\/span><\\\/p>\",\"margin\":\"default\"}},{\"type\":\"accordion\",\"props\":{\"collapsible\":true,\"content_column_breakpoint\":\"m\",\"image_align\":\"top\",\"image_grid_breakpoint\":\"m\",\"image_grid_width\":\"1-2\",\"image_svg_color\":\"emphasis\",\"link_style\":\"default\",\"link_text\":\"Read more\",\"show_image\":true,\"show_link\":true},\"children\":[{\"type\":\"accordion_item\",\"props\":{\"content\":\"\n\n<ul>\\n\n\n<li><span>Estudo e an\\u00e1lise de processos que tramitam nos Tribunais Superiores e Tribunais Regionais<\\\/span><\\\/li>\\n\n\n<li><span>Ingresso e representa\\u00e7\\u00e3o em a\\u00e7\\u00f5es judiciais e recursos<\\\/span><\\\/li>\\n\n\n<li><span>Atua\\u00e7\\u00e3o como correspondente junto aos Tribunais, realizando audi\\u00eancias nos Gabinetes, Sustenta\\u00e7\\u00e3o Oral, elabora\\u00e7\\u00e3o e distribui\\u00e7\\u00e3o de memoriais, acompanhamento de processos e sess\\u00f5es de julgamento<\\\/span><\\\/li>\\n<\\\/ul>\",\"title\":\"Advocacia nos Tribunais Superiores e Tribunais Regionais\"}},{\"type\":\"accordion_item\",\"props\":{\"content\":\"\n\n<ul>\\n\n\n<li><span>Estudo e an\\u00e1lise de processos que tramitam no TCU<\\\/span><\\\/li>\\n\n\n<li><span>Ingresso e representa\\u00e7\\u00e3o em a\\u00e7\\u00f5es no Tribunal<\\\/span><\\\/li>\\n\n\n<li><span>Atua\\u00e7\\u00e3o como correspondente junto ao Tribunal, realizando audi\\u00eancias nos Gabinetes, Sustenta\\u00e7\\u00e3o Oral, elabora\\u00e7\\u00e3o e distribui\\u00e7\\u00e3o de memoriais, acompanhamento de processos e sess\\u00f5es de julgamento<\\\/span><\\\/li>\\n<\\\/ul>\",\"title\":\"Advocacia no Tribunal de Contas da Uni\\u00e3o\"}},{\"type\":\"accordion_item\",\"props\":{\"content\":\"\n\n<p><span>Atuamos na \\u00e1rea de Direito Eleitoral, elaborando pareceres e assessorando pessoalmente pr\\u00e9-candidatos e partidos pol\\u00edticos.<\\\/span><br \\\/><span>Na \\u00e1rea contenciosa atuamos nas seguintes demandas:<\\\/span><\\\/p>\\n\n\n<ul>\\n\n\n<li><span>Representa\\u00e7\\u00f5es;<\\\/span><\\\/li>\\n\n\n<li><span>Procedimentos da Lei de Inelegibilidades;<\\\/span><\\\/li>\\n\n\n<li><span>Impugna\\u00e7\\u00e3o de Registro de Candidatura;<\\\/span><\\\/li>\\n\n\n<li><span>A\\u00e7\\u00e3o de Investiga\\u00e7\\u00e3o Judicial Eleitoral;<\\\/span><\\\/li>\\n\n\n<li><span>A\\u00e7\\u00e3o de Impugna\\u00e7\\u00e3o de Mandato Eletivo;<\\\/span><\\\/li>\\n\n\n<li><span>Recurso Contra a Expedi\\u00e7\\u00e3o de Diploma;<\\\/span><\\\/li>\\n\n\n<li><span>Medidas Cautelares;<\\\/span><\\\/li>\\n\n\n<li><span>Mandado de Seguran\\u00e7a;<\\\/span><\\\/li>\\n\n\n<li><span>Habeas Corpus, Habeas Data e Mandado de Injun\\u00e7\\u00e3o;<\\\/span><\\\/li>\\n\n\n<li><span>Crimes Eleitorais;<\\\/span><\\\/li>\\n\n\n<li><span>Recursos Eleitorais;<\\\/span><\\\/li>\\n\n\n<li><span>A\\u00e7\\u00e3o Rescis\\u00f3ria Eleitoral.<\\\/span><\\\/li>\\n<\\\/ul>\",\"title\":\"Direito Eleitoral\"}},{\"type\":\"accordion_item\",\"props\":{\"content\":\"\n\n<p><span>O objetivo \\u00e9 atender as empresas que fornecem bens e servi\\u00e7os \\u00e0 Administra\\u00e7\\u00e3o P\\u00fablica, seja no \\u00e2mbito Federal, Estadual ou Municipal, ou seja:<\\\/span><\\\/p>\\n\n\n<ul>\\n\n\n<li><span>Assessoria nos Processos Licitat\\u00f3rios e procedimentos administrativos em geral;<\\\/span><\\\/li>\\n\n\n<li><span>Atua\\u00e7\\u00e3o no contencioso administrativo por meio de consultas, impugna\\u00e7\\u00f5es e recursos, visando \\u00e0 prote\\u00e7\\u00e3o dos interesses das empresas;<\\\/span><\\\/li>\\n\n\n<li><span>Elabora\\u00e7\\u00f5es de pareceres, estudos e defini\\u00e7\\u00e3o de estrat\\u00e9gias de conduta para empresas perante a Administra\\u00e7\\u00e3o P\\u00fablica;<\\\/span><\\\/li>\\n\n\n<li><span>Atua\\u00e7\\u00e3o no Tribunal de Contas da Uni\\u00e3o.<\\\/span><\\\/li>\\n<\\\/ul>\",\"title\":\"Direito Administrativo\"}},{\"type\":\"accordion_item\",\"props\":{\"content\":\"\n\n<p><span>Na \\u00e1rea de Direito Empresarial nosso escrit\\u00f3rio desenvolve os trabalhos com foco na legisla\\u00e7\\u00e3o espec\\u00edfica a que cada empresa est\\u00e1 sujeita por for\\u00e7a de suas atividades, de modo a garantir efic\\u00e1cia \\u00e0 consultoria jur\\u00eddica oferecida.<\\\/span><\\\/p>\\n\n\n<ul>\\n\n\n<li><span>An\\u00e1lise e orienta\\u00e7\\u00e3o nas diversas transa\\u00e7\\u00f5es da atividade empresarial;<\\\/span><\\\/li>\\n\n\n<li><span>Elabora\\u00e7\\u00e3o e an\\u00e1lise de contratos destinados a constitui\\u00e7\\u00e3o e modifica\\u00e7\\u00e3o de sociedade, a regular a distribui\\u00e7\\u00e3o de produtos, a representa\\u00e7\\u00f5es comerciais e a presta\\u00e7\\u00e3o de servi\\u00e7os;<\\\/span><\\\/li>\\n\n\n<li><span>Assessoria e an\\u00e1lise de quest\\u00f5es relativas ao Direito do Consumidor e uso de marca;<\\\/span><\\\/li>\\n\n\n<li><span>Acompanhamento de processos na \\u00e1rea empresarial.<\\\/span><\\\/li>\\n<\\\/ul>\",\"title\":\"Direito Empresarial\"}},{\"type\":\"accordion_item\",\"props\":{\"content\":\"\n\n<ul>\\n\n\n<li><span>O escrit\\u00f3rio oferece solu\\u00e7\\u00f5es para quest\\u00f5es jur\\u00eddicas\\\/comerciais pertinentes ao Sistema de Franquias, fornecendo uma assessoria completa, cont\\u00ednua e consistente \\u00e0s partes, prestando um servi\\u00e7o direcionado e delineado<\\\/span><\\\/li>\\n\n\n<li><span>Elabora\\u00e7\\u00e3o\\\/ Revis\\u00e3o\\\/ atualiza\\u00e7\\u00e3o de documentos relativos ao Sistema de Franquias: Circular de Oferta de Franquia (COF), Pr\\u00e9-Contrato e Contrato de Franquia de acordo com o padr\\u00e3o estabelecido na Lei 8.955\\\/94, objetivando assegurar os interesses do Franqueador e Franqueados<\\\/span><\\\/li>\\n\n\n<li><span>Acompanhamento de processos de renova\\u00e7\\u00e3o de Contratos de Franquia<\\\/span><\\\/li>\\n\n\n<li><span>Assessoria nos processos de revenda, transfer\\u00eancias de unidades e convers\\u00f5es de bandeira. Elabora\\u00e7\\u00e3o de Contratos de Trespasse<\\\/span><\\\/li>\\n\n\n<li><span>Recupera\\u00e7\\u00e3o de cr\\u00e9ditos inerentes ao Sistema de Franquias (royalties, taxas de franquia, administrativas e de marketing) realizando negocia\\u00e7\\u00f5es e instrumentalizando acordos<\\\/span><\\\/li>\\n\n\n<li><span>Elabora\\u00e7\\u00e3o de notifica\\u00e7\\u00f5es\\\/interpela\\u00e7\\u00f5es extrajudiciais, pontuando as irregularidades contratuais praticadas pelo Franqueado\\\/Franqueador, estabelecendo prazos para a efetiva corre\\u00e7\\u00e3o da conduta em quest\\u00e3o<\\\/span><\\\/li>\\n\n\n<li><span>Condu\\u00e7\\u00e3o de processos de descredenciamento de Unidades Franqueadas com elabora\\u00e7\\u00e3o de documentos h\\u00e1beis, visando \\u00e0 preserva\\u00e7\\u00e3o dos direitos das partes<\\\/span><\\\/li>\\n\n\n<li><span>Solu\\u00e7\\u00e3o de conflitos estabelecidos entre Franqueador e Franqueados por meio de procedimentos de negocia\\u00e7\\u00e3o e media\\u00e7\\u00e3o<\\\/span><\\\/li>\\n\n\n<li><span>Assessoria na constitui\\u00e7\\u00e3o, implanta\\u00e7\\u00e3o e gest\\u00e3o de Conselho de Franqueados, Associa\\u00e7\\u00f5es, Comiss\\u00f5es e Comit\\u00eas de \\u00e1reas de atua\\u00e7\\u00e3o<\\\/span><\\\/li>\\n\n\n<li><span>Assessoria na constitui\\u00e7\\u00e3o, implanta\\u00e7\\u00e3o e gest\\u00e3o de fundo de Propaganda Nacional e Regional<\\\/span><\\\/li>\\n\n\n<li><span>Orienta\\u00e7\\u00e3o e assist\\u00eancia jur\\u00eddico-operacional para solu\\u00e7\\u00e3o de problemas localizados da Rede Franqueada<\\\/span><\\\/li>\\n<\\\/ul>\",\"title\":\"Consultoria e Assessoria Jur\\u00eddica em Franchising\"}},{\"type\":\"accordion_item\",\"props\":{\"content\":\"\n\n<p><span>Na \\u00e1rea TRABALHISTA \\\/ PREVIDENCI\\u00c1RIO, nosso escrit\\u00f3rio est\\u00e1 preparado para encontrar solu\\u00e7\\u00f5es legais que d\\u00eaem maior flexibilidade \\u00e0s rela\\u00e7\\u00f5es trabalhistas e previdenci\\u00e1rias, pe\\u00e7as chaves na luta pela competitividade do mercado atua. Assessoramos nosso clientes na:<\\\/span><\\\/p>\\n\n\n<ul>\\n\n\n<li><span>Elabora\\u00e7\\u00e3o de auditorias trabalhistas;<\\\/span><\\\/li>\\n\n\n<li><span>Avalia\\u00e7\\u00e3o dos procedimentos para elimina\\u00e7\\u00e3o ou redu\\u00e7\\u00e3o de eventuais conting\\u00eancias, apontando as adequa\\u00e7\\u00f5es necess\\u00e1rias para o cumprimento de obriga\\u00e7\\u00f5es legais tanto em quest\\u00f5es previdenci\\u00e1rias como trabalhistas;<\\\/span><\\\/li>\\n\n\n<li><span>No plano contencioso, atuamos tanto no \\u00e2mbito administrativo como no \\u00e2mbito judicial;<\\\/span><\\\/li>\\n\n\n<li><span>Ingressamos com a\\u00e7\\u00f5es revisionais de benef\\u00edcios, bem como na defesa de atua\\u00e7\\u00f5es no \\u00e2mbito previdenci\\u00e1rio.<\\\/span><\\\/li>\\n<\\\/ul>\",\"title\":\"Direito do Trabalho \\\/ Previdenci\\u00e1rio\"}},{\"type\":\"accordion_item\",\"props\":{\"content\":\"\n\n<ul>\\n\n\n<li><span>Direito Contratual: elabora\\u00e7\\u00e3o de contratos e distratos, an\\u00e1lise e revis\\u00e3o cr\\u00edtica, demandas judiciais por inadimpl\\u00eancia contratual e rescis\\u00e3o;<\\\/span><\\\/li>\\n\n\n<li><span>Direito da Fam\\u00edlia e Sucess\\u00f5es: orienta\\u00e7\\u00e3o na elabora\\u00e7\\u00e3o de pactos antenupciais, div\\u00f3rcio, alimentos, invent\\u00e1rios e arrolamentos;<\\\/span><\\\/li>\\n\n\n<li><span>Direito do Consumidor: repara\\u00e7\\u00e3o de danos por v\\u00edcio do produto ou do servi\\u00e7o e outras demandas;<\\\/span><\\\/li>\\n\n\n<li><span>Responsabilidade Civil: repara\\u00e7\\u00e3o de danos - materiais e morais;<\\\/span><\\\/li>\\n\n\n<li><span>Direito Imobili\\u00e1rio: consultoria e a\\u00e7\\u00f5es judiciais referentes a loca\\u00e7\\u00f5es, rescis\\u00f5es, despejos;<\\\/span><\\\/li>\\n\n\n<li><span>Propriedade Intelectual e Direitos Autorais.<\\\/span><\\\/li>\\n<\\\/ul>\",\"title\":\"Direito Civil e Processual Civil\"}},{\"type\":\"accordion_item\",\"props\":{\"content\":\"\n\n<p><span>Os impostos, taxas e contribui\\u00e7\\u00f5es em vigor em nosso pa\\u00eds fazem da carga tribut\\u00e1ria brasileira uma das mais altas do mundo, que vem crescendo ao longo dos anos na tentativa de suprir as defici\\u00eancias cr\\u00f4nicas de financiamento do Estado. O sistema \\u00e9 complexo e oneroso, lidar de maneira eficiente com a malha fiscal \\u00e9 fator decisivo para garantir a competitividade no ambiente dos neg\\u00f3cios. Nosso escrit\\u00f3rio atua no campo contencioso, no questionamento administrativo e judicial de tributos cobrados ilegalmente nas esferas municipal, estadual, federal e previdenci\\u00e1ria, representando nossos clientes em todas as etapas dos processos.<\\\/span><\\\/p>\",\"title\":\"Direito Tribut\\u00e1rio\"}},{\"type\":\"accordion_item\",\"props\":{\"content\":\"\n\n<ul>\\n\n\n<li><span>Acompanhamento processual em f\\u00f3runs e Tribunais<\\\/span><\\\/li>\\n\n\n<li><span>Defesas, Recursos, Audi\\u00eancias, Sustenta\\u00e7\\u00e3o Oral<\\\/span><\\\/li>\\n<\\\/ul>\",\"title\":\"Direito Penal\"}}]}]}]}]}],\"version\":\"3.0.25\"} --><\/p>\n","protected":false},"excerpt":{"rendered":"<p>Atua\u00e7\u00e3o Nosso escrit\u00f3rio de advocacia atua em diversas \u00e1reas do direito, incluindo direito trabalhista, direito civil, direito penal, direito tribut\u00e1rio, direito empresarial e outras \u00e1reas correlatas, oferecendo servi\u00e7os jur\u00eddicos de qualidade e buscando sempre a melhor solu\u00e7\u00e3o para nossos clientes. Advocacia nos Tribunais Superiores e Tribunais Regionais Estudo e an\u00e1lise de processos que tramitam nos [&hellip;]<\/p>\n","protected":false},"author":1,"featured_media":0,"parent":0,"menu_order":4,"comment_status":"open","ping_status":"closed","template":"","meta":{"footnotes":""},"class_list":["post-22","page","type-page","status-publish","hentry"],"acf":[],"_links":{"self":[{"href":"https:\/\/lopescancado.adv.br\/index.php?rest_route=\/wp\/v2\/pages\/22","targetHints":{"allow":["GET"]}}],"collection":[{"href":"https:\/\/lopescancado.adv.br\/index.php?rest_route=\/wp\/v2\/pages"}],"about":[{"href":"https:\/\/lopescancado.adv.br\/index.php?rest_route=\/wp\/v2\/types\/page"}],"author":[{"embeddable":true,"href":"https:\/\/lopescancado.adv.br\/index.php?rest_route=\/wp\/v2\/users\/1"}],"replies":[{"embeddable":true,"href":"https:\/\/lopescancado.adv.br\/index.php?rest_route=%2Fwp%2Fv2%2Fcomments&post=22"}],"version-history":[{"count":4,"href":"https:\/\/lopescancado.adv.br\/index.php?rest_route=\/wp\/v2\/pages\/22\/revisions"}],"predecessor-version":[{"id":2812,"href":"https:\/\/lopescancado.adv.br\/index.php?rest_route=\/wp\/v2\/pages\/22\/revisions\/2812"}],"wp:attachment":[{"href":"https:\/\/lopescancado.adv.br\/index.php?rest_route=%2Fwp%2Fv2%2Fmedia&parent=22"}],"curies":[{"name":"wp","href":"https:\/\/api.w.org\/{rel}","templated":true}]}}